{"id":173,"date":"2015-01-28T16:32:26","date_gmt":"2015-01-28T16:32:26","guid":{"rendered":"https:\/\/zrovit.sk\/?page_id=173"},"modified":"2015-07-14T07:32:58","modified_gmt":"2015-07-14T07:32:58","slug":"interaktivna-virtualna-prehliadka-mas-spis","status":"publish","type":"page","link":"https:\/\/zrovit.sk\/?page_id=173","title":{"rendered":"Interakt\u00edvna virtu\u00e1lna prehliadka&#8230;"},"content":{"rendered":"<h2 style=\"text-align: center;\"><strong><em>Interakt\u00edvna virtu\u00e1lna prehliadka MAS Spi\u0161<\/em><\/strong><\/h2>\n<p>Hlavn\u00fdm cie\u013eom projektu je zv\u00fd\u0161i\u0165 informovanos\u0165 turistov o slu\u017eb\u00e1ch v\u00a0oblasti cestovn\u00e9ho ruchu v regi\u00f3ne MAS Ob\u010dianskeho zdru\u017eenia pre rozvoj regi\u00f3nu Spi\u0161 formou virtu\u00e1lnej prehliadky.<\/p>\n<p><em><strong>\u0160pecifick\u00e9 ciele projektu:<\/strong><\/em><\/p>\n<ul>\n<li>Zrealizova\u0165 virtu\u00e1lnu prehliadku jednotliv\u00fdch objektov so z\u00e1merom spropagova\u0165 atrakcie regi\u00f3nu on-line formou<\/li>\n<li>Zrealizova\u0165 multimedi\u00e1lne propaga\u010dn\u00e9 CD (DVD) s virtu\u00e1lnou prehliadkou regi\u00f3nu MAS Ob\u010dianskeho zdru\u017eenia pre rozvoj regi\u00f3nu Spi\u0161<\/li>\n<li>Zv\u00fd\u0161i\u0165 atraktivitu a\u00a0konkurencieschopnos\u0165 pri poskytovan\u00ed slu\u017eieb cestovn\u00e9ho ruchu v\u00a0MAS Ob\u010dianske zdru\u017eenie pre rozvoj regi\u00f3nu Spi\u0161<\/li>\n<li>Prezentova\u0165 komplexn\u00fa ponuku cestovn\u00e9ho ruchu v regi\u00f3ne smerom k intern\u00fdm a extern\u00fdm subjektom, ako aj intern\u00e9mu a extern\u00e9mu prostrediu<\/li>\n<li>Rozv\u00edja\u0165 propag\u00e1ciu \u0161ir\u0161ieho \u00fazemia formou partnerstva<\/li>\n<\/ul>\n<p><em><strong>Aktivity v r\u00e1mci projektu:<\/strong><\/em><\/p>\n<ul>\n<li><a href=\"http:\/\/app.kormanik.sk\/mapy\/2\/\">Realiz\u00e1cia virtu\u00e1lnej prehliadky\u00a0 pre obce regi\u00f3nu Ob\u010dianskeho zdru\u017eenia pre rozvoj regi\u00f3nu Spi\u0161. Spropaguj\u00fa sa prev\u00e1dzky so zameran\u00edm na poskytovanie re\u0161taura\u010dn\u00fdch, ubytovac\u00edch a\u00a0\u010fal\u0161\u00edch slu\u017eieb, ako aj vybran\u00e9 turisticky zauj\u00edmav\u00e9 miesta.<\/a><\/li>\n<li><a href=\"http:\/\/app.kormanik.sk\/mapy\/2\/\">Vytvorenie interakt\u00edvnej mapy \u00fazemia OZ RR Spi\u0161 &#8211; Prostredn\u00edctvom tejto mapy bude mo\u017en\u00e9 preh\u013eadne lokalizova\u0165 zariadenia poskytuj\u00face re\u0161taura\u010dn\u00e9, ubytovacie a\u00a0\u010fal\u0161ie slu\u017eby a turisticky zauj\u00edmav\u00e9 miesta pri\u010dom vybran\u00e9 z\u00a0nich bude mo\u017en\u00e9 nav\u0161t\u00edvi\u0165 prostredn\u00edctvom virtu\u00e1lnej prehliadky.<\/a><\/li>\n<\/ul>\n<p>&nbsp;<\/p>\n","protected":false},"excerpt":{"rendered":"<p>Interakt\u00edvna virtu\u00e1lna prehliadka MAS Spi\u0161 Hlavn\u00fdm cie\u013eom projektu je zv\u00fd\u0161i\u0165 informovanos\u0165 turistov o slu\u017eb\u00e1ch v\u00a0oblasti cestovn\u00e9ho ruchu v regi\u00f3ne MAS Ob\u010dianskeho zdru\u017eenia pre rozvoj regi\u00f3nu Spi\u0161 formou virtu\u00e1lnej prehliadky. \u0160pecifick\u00e9 ciele projektu: Zrealizova\u0165 virtu\u00e1lnu prehliadku jednotliv\u00fdch objektov so z\u00e1merom spropagova\u0165 atrakcie regi\u00f3nu on-line formou Zrealizova\u0165 multimedi\u00e1lne propaga\u010dn\u00e9 CD (DVD) s virtu\u00e1lnou prehliadkou regi\u00f3nu MAS Ob\u010dianskeho [&hellip;]<\/p>\n","protected":false},"author":2,"featured_media":0,"parent":0,"menu_order":0,"comment_status":"open","ping_status":"open","template":"","meta":[],"_links":{"self":[{"href":"https:\/\/zrovit.sk\/index.php?rest_route=\/wp\/v2\/pages\/173"}],"collection":[{"href":"https:\/\/zrovit.sk\/index.php?rest_route=\/wp\/v2\/pages"}],"about":[{"href":"https:\/\/zrovit.sk\/index.php?rest_route=\/wp\/v2\/types\/page"}],"author":[{"embeddable":true,"href":"https:\/\/zrovit.sk\/index.php?rest_route=\/wp\/v2\/users\/2"}],"replies":[{"embeddable":true,"href":"https:\/\/zrovit.sk\/index.php?rest_route=%2Fwp%2Fv2%2Fcomments&post=173"}],"version-history":[{"count":5,"href":"https:\/\/zrovit.sk\/index.php?rest_route=\/wp\/v2\/pages\/173\/revisions"}],"predecessor-version":[{"id":260,"href":"https:\/\/zrovit.sk\/index.php?rest_route=\/wp\/v2\/pages\/173\/revisions\/260"}],"wp:attachment":[{"href":"https:\/\/zrovit.sk\/index.php?rest_route=%2Fwp%2Fv2%2Fmedia&parent=173"}],"curies":[{"name":"wp","href":"https:\/\/api.w.org\/{rel}","templated":true}]}}