{"id":168,"date":"2015-01-28T12:01:26","date_gmt":"2015-01-28T12:01:26","guid":{"rendered":"https:\/\/zrovit.sk\/?page_id=168"},"modified":"2017-10-11T13:40:17","modified_gmt":"2017-10-11T13:40:17","slug":"projekty","status":"publish","type":"page","link":"https:\/\/zrovit.sk\/?page_id=168","title":{"rendered":"Projekty"},"content":{"rendered":"<p>Zdru\u017eenie pre rozvoj vidieckeho turizmu aktu\u00e1lne pracuje na realiz\u00e1cii projektov podporen\u00fdch zo zdrojov PRV SR 2007 &#8211; 2013:<\/p>\n<ul>\n<li>Dovolenka na Bachurni<\/li>\n<li>Propag\u00e1cia vidieckeho cestovn\u00e9ho ruchu na \u00fazem\u00ed OZ RR Spi\u0161<\/li>\n<li>Marketing vidieckeho cestovn\u00e9ho ruchu na \u00fazem\u00ed MAS Partnerstvo BACHURE\u0147<\/li>\n<li>Interakt\u00edvna virtu\u00e1lna prehliadka \u00fazemia MAS Spi\u0161<\/li>\n<li>Dovolenka na spi\u0161skom vidieku<\/li>\n<\/ul>\n","protected":false},"excerpt":{"rendered":"<p>Zdru\u017eenie pre rozvoj vidieckeho turizmu aktu\u00e1lne pracuje na realiz\u00e1cii projektov podporen\u00fdch zo zdrojov PRV SR 2007 &#8211; 2013: Dovolenka na Bachurni Propag\u00e1cia vidieckeho cestovn\u00e9ho ruchu na \u00fazem\u00ed OZ RR Spi\u0161 Marketing vidieckeho cestovn\u00e9ho ruchu na \u00fazem\u00ed MAS Partnerstvo BACHURE\u0147 Interakt\u00edvna virtu\u00e1lna prehliadka \u00fazemia MAS Spi\u0161 Dovolenka na spi\u0161skom vidieku<\/p>\n","protected":false},"author":2,"featured_media":0,"parent":0,"menu_order":0,"comment_status":"closed","ping_status":"closed","template":"","meta":[],"_links":{"self":[{"href":"https:\/\/zrovit.sk\/index.php?rest_route=\/wp\/v2\/pages\/168"}],"collection":[{"href":"https:\/\/zrovit.sk\/index.php?rest_route=\/wp\/v2\/pages"}],"about":[{"href":"https:\/\/zrovit.sk\/index.php?rest_route=\/wp\/v2\/types\/page"}],"author":[{"embeddable":true,"href":"https:\/\/zrovit.sk\/index.php?rest_route=\/wp\/v2\/users\/2"}],"replies":[{"embeddable":true,"href":"https:\/\/zrovit.sk\/index.php?rest_route=%2Fwp%2Fv2%2Fcomments&post=168"}],"version-history":[{"count":2,"href":"https:\/\/zrovit.sk\/index.php?rest_route=\/wp\/v2\/pages\/168\/revisions"}],"predecessor-version":[{"id":263,"href":"https:\/\/zrovit.sk\/index.php?rest_route=\/wp\/v2\/pages\/168\/revisions\/263"}],"wp:attachment":[{"href":"https:\/\/zrovit.sk\/index.php?rest_route=%2Fwp%2Fv2%2Fmedia&parent=168"}],"curies":[{"name":"wp","href":"https:\/\/api.w.org\/{rel}","templated":true}]}}